 base 10?
-6280
What is 204132 (base 7) in base 12?
18356
-2127 (base 11) to base 12
-1764
What is 1110001 (base 4) in base 6?
40521
Convert -1a0 (base 15) to base 16.
-177
-92a (base 15) to base 12
-1241
-1183 (base 12) to base 3
-2201000
What is -2 (base 12) in base 13?
-2
What is 4332 (base 8) in base 12?
138a
What is -131313 (base 5) in base 6?
-40040
Convert 333 (base 14) to base 3.
212110
Convert -10030 (base 4) to base 2.
-100001100
Convert -474 (base 8) to base 13.
-1b4
Convert -331010 (base 4) to base 5.
-111113
What is 100011110000011 (base 2) in base 7?
104242
What is 4629 (base 12) in base 5?
222214
What is -12022213 (base 4) in base 6?
-312531
3122 (base 16) to base 8
30442
Convert 3011 (base 6) to base 16.
28f
-20404 (base 5) to base 15
-604
What is 12067 (base 9) in base 4?
1332100
-3332 (base 5) to base 3
-122022
Convert 6586 (base 15) to base 9.
32440
Convert 21 (base 10) to base 2.
10101
What is -745 (base 9) in base 15?
-2a8
What is -4267 (base 9) in base 7?
-12103
What is 5332 (base 7) in base 6?
12421
Convert 3301 (base 4) to base 12.
181
Convert 100500 (base 7) to base 5.
1021202
1121 (base 6) to base 12
1a1
Convert -a993 (base 11) to base 16.
-38a5
What is 459 (base 12) in base 15?
2d0
What is -2522 (base 6) in base 12?
-442
2c (base 14) to base 5
130
Convert 57e (base 15) to base 3.
1201002
What is -1c9 (base 13) in base 5?
-2314
What is 46 (base 10) in base 3?
1201
5c7 (base 13) to base 7
2640
Convert b (base 15) to base 16.
b
c1 (base 14) to base 6
441
-62173 (base 9) to base 4
-22000023
-12221102 (base 3) to base 10
-4331
Convert 772 (base 8) to base 6.
2202
What is 1307 (base 11) in base 10?
1701
Convert 5658 (base 15) to base 5.
1041213
-1503 (base 7) to base 15
-296
Convert 11220 (base 4) to base 14.
1ba
What is -57 (base 15) in base 16?
-52
Convert 710 (base 11) to base 7.
2334
What is 1124 (base 14) in base 2?
101110011100
Convert 241 (base 15) to base 13.
304
-2344 (base 6) to base 9
-701
3655 (base 10) to base 8
7107
1020211 (base 4) to base 7
16354
Convert -2412 (base 5) to base 2.
-101100101
Convert 368 (base 12) to base 8.
1000
What is -1434 (base 7) in base 11?
-473
Convert -100312 (base 5) to base 12.
-1a33
What is -1313031 (base 4) in base 8?
-16715
What is -3d08 (base 15) in base 7?
-53033
Convert -1aad (base 15) to base 8.
-13234
-5613 (base 9) to base 7
-15036
What is 1020110120 (base 3) in base 4?
11331030
What is -34c9 (base 15) in base 5?
-324324
What is 642 (base 10) in base 4?
22002
What is 2270 (base 9) in base 2?
11010010011
What is 211111222 (base 3) in base 6?
203555
-534 (base 6) to base 11
-174
-951d (base 16) to base 12
-1a111
What is 3123012 (base 4) in base 13?
64c8
54468 (base 9) to base 11
25145
201534 (base 6) to base 3
210220111
Convert 1113100 (base 4) to base 13.
2707
110110001101111 (base 2) to base 10
27759
-11012202 (base 3) to base 10
-3071
-10000111 (base 2) to base 8
-207
What is -2210 (base 4) in base 6?
-432
Convert -39438 (base 11) to base 13.
-1c8b7
Convert -31982 (base 11) to base 14.
-12cc9
Convert -2130 (base 5) to base 7.
-563
What is -17c23 (base 14) in base 5?
-3410012
Convert 365 (base 11) to base 8.
662
-4749 (base 12) to base 9
-11843
-13a3 (base 11) to base 2
-11100001111
-603 (base 7) to base 10
-297
What is -3329 (base 14) in base 12?
-5161
What is -1000000111 (base 2) in base 12?
-373
What is -1017 (base 11) in base 3?
-1211222
6037 (base 9) to base 15
148d
760 (base 13) to base 16
4ed
1121211012 (base 3) to base 15
96eb
-205 (base 8) to base 9
-157
-984 (base 10) to base 16
-3d8
Convert 3482 (base 10) to base 9.
4688
What is 11101222 (base 3) in base 8?
6214
What is -9788 (base 11) in base 2?
-11001001111010
Convert 2013 (base 5) to base 8.
402
-1630 (base 7) to base 16
-292
-2e6d (base 16) to base 15
-37c5
Convert -8804 (base 10) to base 13.
-4013
3344112 (base 5) to base 7
334556
12131 (base 4) to base 6
1525
-38d8 (base 15) to base 11
-9126
Convert -11000110110 (base 2) to base 11.
-1216
What is 6347 (base 10) in base 11?
4850
What is 2d5 (base 15) in base 6?
3002
What is fc61 (base 16) in base 7?
356236
What is 214 (base 9) in base 10?
175
What is 6ced (base 15) in base 6?
255141
Convert 211002 (base 4) to base 6.
14550
-7224 (base 9) to base 15
-1877
17b86 (base 13) to base 14
12a33
What is -3599 (base 11) in base 9?
-6408
4781 (base 9) to base 11
2743
-53c6 (base 16) to base 5
-1141241
Convert 350 (base 13) to base 8.
1074
7887 (base 14) to base 6
240423
What is -1012100 (base 3) in base 5?
-11443
What is -1524 (base 8) in base 9?
-1146
Convert 17746 (base 12) to base 3.
1201111100
6d (base 15) to base 10
103
What is 1484 (base 12) in base 10?
2404
What is 2862 (base 11) in base 6?
25042
1089 (base 12) to base 13
ab0
Convert -122321 (base 4) to base 16.
-6b9
-3230123 (base 4) to base 8
-35433
Convert 32101 (base 4) to base 10.
913
-5720 (base 8) to base 4
-233100
-5413 (base 14) to base 9
-21824
What is -749 (base 11) in base 14?
-484
Convert 451 (base 6) to base 15.
ba
What is 182 (base 11) in base 3?
21211
What is 58bb (base 12) in base 16?
26cf
What is -1212304 (base 5) in base 6?
-253405
What is 35716 (base 8) in base 11?
10559
What is -3c82 (base 15) in base 3?
-122202112
What is -2012201 (base 4) in base 16?
-21a1
What is -288b (base 14) in base 5?
-212204
Convert 11011200 (base 3) to base 2.
101111100010
What is -122010 (base 3) in base 11?
-390
92 (base 10) to base 6
232
1101010111000 (base 2) to base 3
100101100
Convert 354 (base 6) to base 8.
216
What is -1d0d (base 16) in base 2?
-1110100001101
-b94 (base 12) to base 3
-2022211
Convert -2121200 (base 3) to base 8.
-3564
What is ac11 (base 14) in base 6?
345555
What is 85 (base 12) in base 8?
145
Convert 14858 (base 9) to base 16.
27c2
What is -202200 (base 3) in base 13?
-33c
-6a (base 15) to base 16
-64
What is 1124515 (base 6) in base 4?
32023133
What is 38287 (base 9) in base 10?
25756
Convert -3616 (base 14) to base 5.
-300203
-17a (base 15) to base 16
-154
Convert -702 (base 9) to base 5.
-4234
-20090 (base 11) to base 2
-111001011000101
22 (base 10) to base 16
16
-4502 (base 9) to base 8
-6373
What is -3516 (base 7) in base 11?
-a70
20222320 (base 4) to base 5
2114022
-42d (base 15) to base 2
-1110101111
1304234 (base 5) to base 14
9465
Convert -3690 (base 11) to base 12.
-2956
Convert 54d3 (base 15) to base 5.
1033343
What is -14b21 (base 13) in base 10?
-39235
Convert 1b07 (base 13) to base 7.
14563
Convert 1010100001111100 (base 2) to base 9.
65144
-212222 (base 3) to base 16
-287
Convert -41 (base 13) to base 5.
-203
1000120220 (base 3) to base 15
5e5c
Convert 1999 (base 10) to base 6.
13131
-a4d (base 14) to base 16
-7ed
What is 1200010 (base 4) in base 5?
144043
13ba (base 14) to base 2
110110101000
26361 (base 10) to base 5
1320421
Convert -30 (base 11) to base 4.
-201
What is -14738 (base 13) in base 5?
-2213304
What is 825 (base 15) in base 6?
12255
What is 5262 (base 8) in base 11?
206a
-633 (base 8) to base 9
-506
What is -16226 (base 7) in base 14?
-194d
Convert 11511 (base 7) to base 14.
1141
What is -14014 (base 5) in base 4?
-101232
Convert 179 (base 14) to base 12.
213
What is -2203 (base 4) in base 10?
-163
Convert 3412 (base 6) to base 9.
1078
Convert 815 (base 11) to base 5.
12414
Convert 1bb1 (base 15) to base 12.
3594
Convert 11444 (base 14) to base 13.
16171
What is -53 (base 15) in base 2?
-1001110
637 (base 10) to base 15
2c7
27 (base 15) to base 2
100101
110000101110 (base 2) to base 8
6056
2202 (base 10) to base 2
100010011010
Convert -1a44 (base 11) to base 6.
-15553
233 (base 13) to base 7
1052
Convert 1bd1 (base 16) to base 9.
10682
-a3ad (base 14) to base 5
-1400211
Convert -200200 (base 3) to base 16.
-1f8
What is -705 (base 10) in base 16?
-2c1
What is 124404 (base 8) in base 12?
21058
-100001001110 (base 2) to base 5
-32001
530 (base 6) to base 9
240
-101a (base 11) to base 12
-948
13132 (base 5) to base 3
1102121
Convert -21508 (base 10) to base 4.
-11100010
-1000010011111 (base 2) to base 3
-12211121
32231311 (base 4) to base 10
60277
-8c6c (base 13) to base 11
-13884
Convert 473e (base 16) to base 13.
83bc
Convert 18bc2 (base 14) to base 6.
1202130
-334 (base 13) to base 5
-4200
What is 1764 (base 16) in base 10?
5988
Convert -1797 (base 11) to 